 (3 - -2) is divided by 10.
2
What is the remainder when 165/((-4)/((-8)/5) + -1) is divided by 23?
18
Let l(m) = -5*m - 2 - 6*m + 5*m. What is the remainder when l(-9) is divided by 18?
16
Suppose 27*f - 26*f = 3*g + 253, -3*g - 491 = -2*f. Calculate the remainder when f is divided by 62.
52
Suppose -14*f + 3580 = 1228. What is the remainder when f is divided by 19?
16
Suppose -3*h + 28 = 2*p - 0*h, -4*p + 3*h = -56. Let v(f) = -f**3 + 15*f**2 - 13*f - 12. What is the remainder when v(p) is divided by 1?
0
Suppose -4*y + 188 - 44 = 0. What is the remainder when 45 is divided by y?
9
Let w(v) = v**2 - 21*v - 345. Suppose -2*y + 22 = -10. Calculate the remainder when y is divided by w(32).
2
Let j = 2043 + -1988. Calculate the remainder when j is divided by 25.
5
Let q(f) be the third derivative of 83*f**6/120 - f**5/60 + f**2. Calculate the remainder when q(1) is divided by 17.
14
Suppose 6*v - 10*v = 44. Let i = v + 15. Let s = 6 + i. What is the remainder when 28 is divided by s?
8
Let c(a) = -a + 2. Let r be c(6). Let j = -1126 - -1209. Calculate the remainder when j is divided by 1/r + (-85)/(-4).
20
Let d(c) = -c**2 - 4*c + 6. Let z be d(-4). Let b = 10 - 6. Calculate the remainder when b is divided by (8 - 4)/(3/z*2).
0
Let v(k) = -2*k**3 + 31*k**2 + 14*k + 62. What is the remainder when 119 is divided by v(16)?
29
Suppose -g = -36 - 13. Let i = 34 + -20. Calculate the remainder when g is divided by i.
7
Let n(q) = 121*q - 4. Suppose 5*r + 9 = 14. What is the remainder when n(r) is divided by 24?
21
Let z = 889 + -849. Calculate the remainder when z is divided by ((-6)/5)/(6/(-45)).
4
Let n = 1462 + -1449. Let p(f) = 7*f**2 + 7*f + 6. What is the remainder when p(-4) is divided by n?
12
Suppose 5*r - 6 = -r. Let v = -59 - -107. What is the remainder when v is divided by r/(-8) + (-3425)/(-200)?
14
Let g be 3 - ((3 - 4) + 24/3). What is the remainder when (-121)/(-4) - 2/8 is divided by -11*(1 - (g - -4))*-1?
8
Let y = 161 + -89. Let z = y + -70. Calculate the remainder when 9 is divided by z.
1
What is the remainder when 361 is divided by (-14 - (-63)/7) + 40*2?
61
Suppose 0 = 5*q + 2*v - 97, -v = -2*v + 1. Let p(l) = 37*l - 409. What is the remainder when p(12) is divided by q?
16
Suppose 31 = -3*w + 4*z, 2*w - w = -3*z - 6. Let q be (w + 6)*55/(-3). Suppose 12*h + q = 17*h. What is the remainder when h is divided by 4?
3
Let c be 2/2*(1 - -1). Suppose 2*f = 0, 46 = 2*p - f + c. What is the remainder when p is divided by 6?
4
Let n(i) = -i + 16. Let t be n(11). Let l(w) = 31*w - 6. What is the remainder when l(t) is divided by 17?
13
Let p = 66 + -18. Suppose 0 = -38*n + 34*n + p. What is the remainder when 47 is divided by n?
11
Suppose -6*c = -5*s - 9*c + 441, -2*s - c + 176 = 0. Calculate the remainder when 782 is divided by s.
86
Let j = 127 + -114. What is the remainder when (-4)/6 - 142/(-6) is divided by j?
10
Let j(p) = 53*p**3 - p**2 - p + 1. Suppose -11*w = -15*w + 120. Let a = w + -12. What is the remainder when j(1) is divided by a?
16
Suppose 0*x + 2*x + 3 = -m, 3*x = 3*m. Suppose 3*r - 8 = 37. Calculate the remainder when r is divided by -5 + 6 - x*(7 + 1).
6
Let s(v) = -v + 6. Let p = -22 - -13. Let g(u) = -u**2 - 11*u + 3. What is the remainder when g(p) is divided by s(0)?
3
Let n(z) = 3*z**3 + 3*z**2 - 2. Calculate the remainder when n(2) is divided by 1 + (5 - -3) + 13.
12
Let c(u) = -4 + 3*u + 10 + 4 + 0*u. Calculate the remainder when c(0) is divided by 5.
0
Let y = -14 + 14. Suppose y = -4*n + 9*n - 75. Suppose 2*p = -0*p + 118. Calculate the remainder when p is divided by n.
14
Let f(t) = 23*t + 102. Calculate the remainder when f(20) is divided by 94.
92
Suppose 0 = 8*o - 6*o - 26. Calculate the remainder when 597 is divided by o.
12
Calculate the remainder when ((-8)/18)/4 - 54176/(-288) is divided by 16.
12
Let g = 222 - 216. Calculate the remainder when 203 is divided by g.
5
Let n be 3*2/(-6) - -6. Suppose -42 = -3*p - 2*x + 54, -2*x = 6. What is the remainder when p is divided by (-4)/10 + 47/n?
7
Let z = -274 - -397. What is the remainder when z is divided by 23?
8
Suppose -1 - 2 = -m. Suppose 0 = -m*d - 4*d + 203. What is the remainder when d is divided by 15?
14
Suppose v + 177 = -4*c + 423, 3*v = 3*c + 663. Calculate the remainder when v is divided by 20.
6
Suppose n - 6*p = -3*p + 23, 4*n = 3*p + 56. Let u be (-2 - -4)/2 + 68. Suppose -u = -3*b + 24. Calculate the remainder when b is divided by n.
9
Suppose -17*n = -n - 32. Suppose -5*q = -5*d + 55, -q = 2*d + 2*d - 39. What is the remainder when d is divided by n?
0
Suppose 0 = -k + 5*k - 24. Suppose -3*o - 621 = 4*r, -2*o = k - 0. Let y = -102 - r. What is the remainder when y is divided by 27?
24
Suppose 3*l - 4*v - 142 = 0, 0 = 4*l - 3*v + 2*v - 172. Calculate the remainder when l is divided by 9.
6
Suppose 18*h + 979 = 7*h. Let a = h - -105. What is the remainder when 46 is divided by a?
14
Suppose 4*m = 189 + 19. Let p be ((-68)/(-8)*(-1 + -1))/(-1). Suppose -p*f - 3 + 190 = 0. Calculate the remainder when m is divided by f.
8
Let d = -22 - 3. Let l = d + 29. Calculate the remainder when 1 is divided by (-1)/2 - (-6)/l.
0
Let j(t) = t**3 - 5*t**2 - 5*t - 7. Let u be j(6). Let z = u + 4. Let s = -11 - -21. What is the remainder when s is divided by z?
1
Let f(z) = z + 20. Let p be f(-18). Let h(y) = 2*y**2 + 3*y - 5. What is the remainder when 53 is divided by h(p)?
8
Let b = 265 + -217. What is the remainder when 188 is divided by b?
44
Suppose 2*h + 3 = -2*p + 9, 3 = h - 3*p. Suppose 0 = 2*j - 3*g + h, -2*j - 24 = -7*j - 3*g. What is the remainder when 6 is divided by j?
0
Suppose -5*w + 7*w = 8. Suppose w*f = 26 + 6. Calculate the remainder when 23 is divided by f.
7
Let h = -135 + 141. Suppose -55 + 13 = -2*u. What is the remainder when u is divided by (h - (-189)/(-14))*8/(-10)?
3
Let p = 314 + -176. Let r = p - 60. Calculate the remainder when r is divided by 1*10*(-3 + 92/20).
14
Let y = -311 + 406. Calculate the remainder when y is divided by 14.
11
Suppose 7*z = 3*z - 72. Let r = z - -20. Suppose -5*a + 18 = -r*a. Calculate the remainder when 11 is divided by a.
5
Let h = 4 + 9. Let p = h + -4. What is the remainder when 15/(-6)*(-154)/11 is divided by p?
8
Suppose -7*n + 2*n = -20. Suppose 0 = 4*q + 4*k - n, -3*q + 50 = 2*q - 4*k. Suppose 70 = q*x - x. What is the remainder when 22 is divided by x?
8
Suppose -3*f - 2*m - 205 = 0, 5*f + 401 = 5*m + 76. Let i = -18 - f. Calculate the remainder when i is divided by 10.
9
Let o(v) = v**2 - 9*v + 5. Let a be o(-15). Suppose -335 = -5*f + a. Suppose 5*x - x - f = 0. What is the remainder when x is divided by 9?
8
Let g(f) = 4*f**2 - 1. Suppose 20 = 7*a - 3*a, -4*h + 5*a = -23. Calculate the remainder when g(3) is divided by h.
11
Let r be (-7)/126*4 - (-452)/9. Suppose -5*u + r = -3*u. What is the remainder when u is divided by 9?
7
Suppose -78 + 24 = -2*v. Calculate the remainder when 127 is divided by v.
19
Suppose 36*o + 5*j = 41*o - 375, -o + 83 = j. What is the remainder when o is divided by 20?
19
Let k = 10 - -8. Suppose -4890 = 2*g - 17*g. Suppose -5*c - 3*y = -4*c - 58, 3*y - g = -5*c. Calculate the remainder when c is divided by k.
13
Suppose -5*k + 19 = -26. Suppose k = 4*w - 11. Suppose 0 - 42 = -w*j + r, 15 = 5*r. What is the remainder when 33 is divided by j?
6
Suppose -195 = -8*t - 7*t. Suppose 0 = -9*z + t*z - 428. What is the remainder when z is divided by 18?
17
Suppose 3*r - 1250 = 4*f, 0 = -0*f - 3*f + 12. Calculate the remainder when r is divided by 86.
78
Let t be 1/4 - (-1437)/12. Suppose -t = -l - l. Suppose 3*a - 8*a - 4*n + 105 = 0, 0 = -3*n. Calculate the remainder when l is divided by a.
18
Let v(s) = 172*s**3 - 2*s**2 + 1. Let q be v(1). Suppose 0 = -11*f - 3*f - 1302. Let n = f + q. What is the remainder when n is divided by 20?
18
Let h be 34/7 + (-1)/(-7). Suppose -h*j + 77 + 73 = 0. Calculate the remainder when 116 is divided by j.
26
What is the remainder when 21 is divided by (-14*(-6)/48)/(2/16)?
7
Let c(x) = x**3 + 75*x**2 - 155*x + 78. What is the remainder when c(-77) is divided by 27?
20
Let f(y) = 11*y + 100. Calculate the remainder when 39 is divided by f(-8).
3
Suppose -118*g = -35*g - 8715. What is the remainder when g is divided by 36?
33
Let a(